{"id":10413,"date":"2025-08-25T21:14:13","date_gmt":"2025-08-25T18:14:13","guid":{"rendered":"http:\/\/riac.lv\/?page_id=10413"},"modified":"2025-08-25T21:00:19","modified_gmt":"2025-08-25T18:00:19","slug":"par-berna-attistibu","status":"publish","type":"page","link":"https:\/\/riac.lv\/?page_id=10413","title":{"rendered":"Par b\u0113rna att\u012bst\u012bbu"},"content":{"rendered":"\t\t<div data-elementor-type=\"wp-page\" data-elementor-id=\"10413\" class=\"elementor elementor-10413\">\n\t\t\t\t\t\t<section data-particle_enable=\"false\" data-particle-mobile-disabled=\"false\" class=\"elementor-section elementor-top-section elementor-element elementor-element-76e61e2 elementor-section-boxed elementor-section-height-default elementor-section-height-default\" data-id=\"76e61e2\" data-element_type=\"section\" data-e-type=\"section\">\n\t\t\t\t\t\t<div class=\"elementor-container elementor-column-gap-default\">\n\t\t\t\t\t<div class=\"elementor-column elementor-col-100 elementor-top-column elementor-element elementor-element-c75fa92\" data-id=\"c75fa92\" data-element_type=\"column\" data-e-type=\"column\">\n\t\t\t<div class=\"elementor-widget-wrap elementor-element-populated\">\n\t\t\t\t\t\t<div class=\"elementor-element elementor-element-909bbe4 elementor-widget elementor-widget-image-gallery\" data-id=\"909bbe4\" data-element_type=\"widget\" data-e-type=\"widget\" data-widget_type=\"image-gallery.default\">\n\t\t\t\t\t\t\t<div class=\"elementor-image-gallery\">\n\t\t\t<div id='gallery-1' class='gallery galleryid-10413 gallery-columns-1 gallery-size-medium_large'><figure class='gallery-item'>\n\t\t\t<div class='gallery-icon portrait'>\n\t\t\t\t<a data-elementor-open-lightbox=\"yes\" data-elementor-lightbox-slideshow=\"909bbe4\" data-e-action-hash=\"#elementor-action%3Aaction%3Dlightbox%26settings%3DeyJpZCI6MTIxNTAsInVybCI6Imh0dHBzOlwvXC9yaWFjLmx2XC93cC1jb250ZW50XC91cGxvYWRzXC8yMDIyXC8wMlwvS2FkLXZlY2Frcy16aW5hX2Jlcm5zLWF1Zy5wbmciLCJzbGlkZXNob3ciOiI5MDliYmU0In0%3D\" href='https:\/\/riac.lv\/wp-content\/uploads\/2022\/02\/Kad-vecaks-zina_berns-aug.png'><img fetchpriority=\"high\" decoding=\"async\" width=\"449\" height=\"556\" src=\"https:\/\/riac.lv\/wp-content\/uploads\/2022\/02\/Kad-vecaks-zina_berns-aug.png\" class=\"attachment-medium_large size-medium_large\" alt=\"\" srcset=\"https:\/\/riac.lv\/wp-content\/uploads\/2022\/02\/Kad-vecaks-zina_berns-aug.png 449w, https:\/\/riac.lv\/wp-content\/uploads\/2022\/02\/Kad-vecaks-zina_berns-aug-242x300.png 242w\" sizes=\"(max-width: 449px) 100vw, 449px\" \/><\/a>\n\t\t\t<\/div><\/figure>\n\t\t<\/div>\n\t\t<\/div>\n\t\t\t\t\t\t<\/div>\n\t\t\t\t\t<\/div>\n\t\t<\/div>\n\t\t\t\t\t<\/div>\n\t\t<\/section>\n\t\t\t\t<section data-particle_enable=\"false\" data-particle-mobile-disabled=\"false\" class=\"elementor-section elementor-top-section elementor-element elementor-element-50f3222 elementor-section-boxed elementor-section-height-default elementor-section-height-default\" data-id=\"50f3222\" data-element_type=\"section\" data-e-type=\"section\">\n\t\t\t\t\t\t<div class=\"elementor-container elementor-column-gap-default\">\n\t\t\t\t\t<div class=\"elementor-column elementor-col-100 elementor-top-column elementor-element elementor-element-035a4fe\" data-id=\"035a4fe\" data-element_type=\"column\" data-e-type=\"column\">\n\t\t\t<div class=\"elementor-widget-wrap elementor-element-populated\">\n\t\t\t\t\t\t<div class=\"elementor-element elementor-element-8f8badb elementor-widget elementor-widget-image-gallery\" data-id=\"8f8badb\" data-element_type=\"widget\" data-e-type=\"widget\" data-widget_type=\"image-gallery.default\">\n\t\t\t\t\t\t\t<div class=\"elementor-image-gallery\">\n\t\t\t<div id='gallery-2' class='gallery galleryid-10413 gallery-columns-1 gallery-size-full'><figure class='gallery-item'>\n\t\t\t<div class='gallery-icon landscape'>\n\t\t\t\t<a data-elementor-open-lightbox=\"yes\" data-elementor-lightbox-slideshow=\"8f8badb\" data-e-action-hash=\"#elementor-action%3Aaction%3Dlightbox%26settings%3DeyJpZCI6MTIxNTIsInVybCI6Imh0dHBzOlwvXC9yaWFjLmx2XC93cC1jb250ZW50XC91cGxvYWRzXC8yMDIyXC8wMlwvS2FkX3ZlY2Frc196aW5fX2Jlcm5zX2F1Z19rYV9yYWRvc3NfX21lcmt0aWVjaWdzX196aW5vc3NfX3ppbmthcmlnc19kYXJpdGFqc18tcmVtb3ZlYmctcHJldmlldy5wbmciLCJzbGlkZXNob3ciOiI4ZjhiYWRiIn0%3D\" href='https:\/\/riac.lv\/wp-content\/uploads\/2022\/02\/Kad_vecaks_zin__berns_aug_ka_radoss__merktiecigs__zinoss__zinkarigs_daritajs_-removebg-preview.png'><img decoding=\"async\" width=\"480\" height=\"88\" src=\"https:\/\/riac.lv\/wp-content\/uploads\/2022\/02\/Kad_vecaks_zin__berns_aug_ka_radoss__merktiecigs__zinoss__zinkarigs_daritajs_-removebg-preview.png\" class=\"attachment-full size-full\" alt=\"\" srcset=\"https:\/\/riac.lv\/wp-content\/uploads\/2022\/02\/Kad_vecaks_zin__berns_aug_ka_radoss__merktiecigs__zinoss__zinkarigs_daritajs_-removebg-preview.png 480w, https:\/\/riac.lv\/wp-content\/uploads\/2022\/02\/Kad_vecaks_zin__berns_aug_ka_radoss__merktiecigs__zinoss__zinkarigs_daritajs_-removebg-preview-300x55.png 300w\" sizes=\"(max-width: 480px) 100vw, 480px\" \/><\/a>\n\t\t\t<\/div><\/figure>\n\t\t<\/div>\n\t\t<\/div>\n\t\t\t\t\t\t<\/div>\n\t\t\t\t\t<\/div>\n\t\t<\/div>\n\t\t\t\t\t<\/div>\n\t\t<\/section>\n\t\t\t\t<\/div>\n\t\t","protected":false},"excerpt":{"rendered":"","protected":false},"author":1,"featured_media":0,"parent":0,"menu_order":0,"comment_status":"closed","ping_status":"closed","template":"","meta":{"footnotes":""},"class_list":["post-10413","page","type-page","status-publish","hentry"],"_links":{"self":[{"href":"https:\/\/riac.lv\/index.php?rest_route=\/wp\/v2\/pages\/10413","targetHints":{"allow":["GET"]}}],"collection":[{"href":"https:\/\/riac.lv\/index.php?rest_route=\/wp\/v2\/pages"}],"about":[{"href":"https:\/\/riac.lv\/index.php?rest_route=\/wp\/v2\/types\/page"}],"author":[{"embeddable":true,"href":"https:\/\/riac.lv\/index.php?rest_route=\/wp\/v2\/users\/1"}],"replies":[{"embeddable":true,"href":"https:\/\/riac.lv\/index.php?rest_route=%2Fwp%2Fv2%2Fcomments&post=10413"}],"version-history":[{"count":40,"href":"https:\/\/riac.lv\/index.php?rest_route=\/wp\/v2\/pages\/10413\/revisions"}],"predecessor-version":[{"id":26073,"href":"https:\/\/riac.lv\/index.php?rest_route=\/wp\/v2\/pages\/10413\/revisions\/26073"}],"wp:attachment":[{"href":"https:\/\/riac.lv\/index.php?rest_route=%2Fwp%2Fv2%2Fmedia&parent=10413"}],"curies":[{"name":"wp","href":"https:\/\/api.w.org\/{rel}","templated":true}]}}