{"id":16595,"date":"2023-01-19T11:38:32","date_gmt":"2023-01-19T09:38:32","guid":{"rendered":"http:\/\/riac.lv\/?page_id=16595"},"modified":"2023-01-19T11:49:36","modified_gmt":"2023-01-19T09:49:36","slug":"lasi-un-zini","status":"publish","type":"page","link":"https:\/\/riac.lv\/?page_id=16595","title":{"rendered":"Lasi un zini"},"content":{"rendered":"\t\t<div data-elementor-type=\"wp-page\" data-elementor-id=\"16595\" class=\"elementor elementor-16595\">\n\t\t\t\t<div data-particle_enable=\"false\" data-particle-mobile-disabled=\"false\" class=\"elementor-element elementor-element-4632051 e-flex e-con-boxed e-con e-parent\" data-id=\"4632051\" data-element_type=\"container\" data-e-type=\"container\">\n\t\t\t\t\t<div class=\"e-con-inner\">\n\t\t<div data-particle_enable=\"false\" data-particle-mobile-disabled=\"false\" class=\"elementor-element elementor-element-17ddf82 e-con-full e-flex e-con e-parent\" data-id=\"17ddf82\" data-element_type=\"container\" data-e-type=\"container\">\n\t\t\t\t<div class=\"elementor-element elementor-element-fcd33e9 elementor-widget elementor-widget-image-gallery\" data-id=\"fcd33e9\" data-element_type=\"widget\" data-e-type=\"widget\" data-widget_type=\"image-gallery.default\">\n\t\t\t\t\t\t\t<div class=\"elementor-image-gallery\">\n\t\t\t<div id='gallery-1' class='gallery galleryid-16595 gallery-columns-1 gallery-size-large'><figure class='gallery-item'>\n\t\t\t<div class='gallery-icon landscape'>\n\t\t\t\t<a data-elementor-open-lightbox=\"yes\" data-elementor-lightbox-slideshow=\"fcd33e9\" data-e-action-hash=\"#elementor-action%3Aaction%3Dlightbox%26settings%3DeyJpZCI6MTY1OTgsInVybCI6Imh0dHBzOlwvXC9yaWFjLmx2XC93cC1jb250ZW50XC91cGxvYWRzXC8yMDIzXC8wMVwvVW50aXRsZWRfZGVzaWduX180Xy1yZW1vdmViZy1wcmV2aWV3LnBuZyIsInNsaWRlc2hvdyI6ImZjZDMzZTkifQ%3D%3D\" href='https:\/\/riac.lv\/wp-content\/uploads\/2023\/01\/Untitled_design__4_-removebg-preview.png'><img fetchpriority=\"high\" decoding=\"async\" width=\"593\" height=\"421\" src=\"https:\/\/riac.lv\/wp-content\/uploads\/2023\/01\/Untitled_design__4_-removebg-preview.png\" class=\"attachment-large size-large\" alt=\"\" srcset=\"https:\/\/riac.lv\/wp-content\/uploads\/2023\/01\/Untitled_design__4_-removebg-preview.png 593w, https:\/\/riac.lv\/wp-content\/uploads\/2023\/01\/Untitled_design__4_-removebg-preview-300x213.png 300w\" sizes=\"(max-width: 593px) 100vw, 593px\" \/><\/a>\n\t\t\t<\/div><\/figure>\n\t\t<\/div>\n\t\t<\/div>\n\t\t\t\t\t\t<\/div>\n\t\t\t\t<\/div>\n\t\t<div data-particle_enable=\"false\" data-particle-mobile-disabled=\"false\" class=\"elementor-element elementor-element-ab217ff e-con-full e-flex e-con e-parent\" data-id=\"ab217ff\" data-element_type=\"container\" data-e-type=\"container\">\n\t\t\t\t<div class=\"elementor-element elementor-element-b399585 elementor-widget elementor-widget-text-editor\" data-id=\"b399585\" data-element_type=\"widget\" data-e-type=\"widget\" data-widget_type=\"text-editor.default\">\n\t\t\t\t\t\t\t\t\t<p>\u0160aj\u0101 sada\u013c\u0101 esam apkopoju\u0161i da\u017e\u0101dus informat\u012bvos materi\u0101lus speci\u0101laj\u0101 izgl\u012bt\u012bb\u0101. Lasiet, g\u016bstiet zin\u0101\u0161anas, jo tas ir patiess sp\u0113ks!<\/p>\t\t\t\t\t\t\t\t<\/div>\n\t\t\t\t<\/div>\n\t\t\t\t\t<\/div>\n\t\t\t\t<\/div>\n\t\t\t\t<\/div>\n\t\t","protected":false},"excerpt":{"rendered":"<p>\u0160aj\u0101 sada\u013c\u0101 esam apkopoju\u0161i da\u017e\u0101dus informat\u012bvos materi\u0101lus speci\u0101laj\u0101 izgl\u012bt\u012bb\u0101. Lasiet, g\u016bstiet zin\u0101\u0161anas, jo tas ir patiess sp\u0113ks!<\/p>\n","protected":false},"author":1,"featured_media":0,"parent":0,"menu_order":0,"comment_status":"closed","ping_status":"closed","template":"","meta":{"footnotes":""},"class_list":["post-16595","page","type-page","status-publish","hentry"],"_links":{"self":[{"href":"https:\/\/riac.lv\/index.php?rest_route=\/wp\/v2\/pages\/16595","targetHints":{"allow":["GET"]}}],"collection":[{"href":"https:\/\/riac.lv\/index.php?rest_route=\/wp\/v2\/pages"}],"about":[{"href":"https:\/\/riac.lv\/index.php?rest_route=\/wp\/v2\/types\/page"}],"author":[{"embeddable":true,"href":"https:\/\/riac.lv\/index.php?rest_route=\/wp\/v2\/users\/1"}],"replies":[{"embeddable":true,"href":"https:\/\/riac.lv\/index.php?rest_route=%2Fwp%2Fv2%2Fcomments&post=16595"}],"version-history":[{"count":4,"href":"https:\/\/riac.lv\/index.php?rest_route=\/wp\/v2\/pages\/16595\/revisions"}],"predecessor-version":[{"id":16601,"href":"https:\/\/riac.lv\/index.php?rest_route=\/wp\/v2\/pages\/16595\/revisions\/16601"}],"wp:attachment":[{"href":"https:\/\/riac.lv\/index.php?rest_route=%2Fwp%2Fv2%2Fmedia&parent=16595"}],"curies":[{"name":"wp","href":"https:\/\/api.w.org\/{rel}","templated":true}]}}