{"id":17062,"date":"2023-02-27T12:07:12","date_gmt":"2023-02-27T10:07:12","guid":{"rendered":"http:\/\/riac.lv\/?page_id=17062"},"modified":"2025-12-01T20:39:47","modified_gmt":"2025-12-01T18:39:47","slug":"beyond-borders-towards-inclusion","status":"publish","type":"page","link":"https:\/\/riac.lv\/?page_id=17062","title":{"rendered":"Beyond borders, towards inclusion"},"content":{"rendered":"\t\t<div data-elementor-type=\"wp-page\" data-elementor-id=\"17062\" class=\"elementor elementor-17062\">\n\t\t\t\t<div data-particle_enable=\"false\" data-particle-mobile-disabled=\"false\" class=\"elementor-element elementor-element-434829e e-flex e-con-boxed e-con e-parent\" data-id=\"434829e\" data-element_type=\"container\" data-e-type=\"container\">\n\t\t\t\t\t<div class=\"e-con-inner\">\n\t\t<div data-particle_enable=\"false\" data-particle-mobile-disabled=\"false\" class=\"elementor-element elementor-element-9ca79da e-con-full e-flex e-con e-child\" data-id=\"9ca79da\" data-element_type=\"container\" data-e-type=\"container\">\n\t\t\t\t<div class=\"elementor-element elementor-element-b8a5d33 elementor-align-justify elementor-widget__width-initial elementor-widget elementor-widget-button\" data-id=\"b8a5d33\" data-element_type=\"widget\" data-e-type=\"widget\" data-widget_type=\"button.default\">\n\t\t\t\t\t\t\t\t\t\t<a class=\"elementor-button elementor-button-link elementor-size-lg\" href=\"http:\/\/riac.lv\/?page_id=4217\">\n\t\t\t\t\t\t<span class=\"elementor-button-content-wrapper\">\n\t\t\t\t\t\t\t\t\t<span class=\"elementor-button-text\">Atpaka\u013c uz s\u0101kumu<\/span>\n\t\t\t\t\t<\/span>\n\t\t\t\t\t<\/a>\n\t\t\t\t\t\t\t\t<\/div>\n\t\t\t\t<\/div>\n\t\t<div data-particle_enable=\"false\" data-particle-mobile-disabled=\"false\" class=\"elementor-element elementor-element-92707e9 e-con-full e-flex e-con e-child\" data-id=\"92707e9\" data-element_type=\"container\" data-e-type=\"container\">\n\t\t\t\t<div class=\"elementor-element elementor-element-a84aca6 elementor-align-justify elementor-widget__width-initial elementor-widget elementor-widget-button\" data-id=\"a84aca6\" data-element_type=\"widget\" data-e-type=\"widget\" data-widget_type=\"button.default\">\n\t\t\t\t\t\t\t\t\t\t<a class=\"elementor-button elementor-button-link elementor-size-lg\" href=\"http:\/\/riac.lv\/?page_id=17940\">\n\t\t\t\t\t\t<span class=\"elementor-button-content-wrapper\">\n\t\t\t\t\t\t\t\t\t<span class=\"elementor-button-text\">Skat\u012bt projekta aktivit\u0101tes<\/span>\n\t\t\t\t\t<\/span>\n\t\t\t\t\t<\/a>\n\t\t\t\t\t\t\t\t<\/div>\n\t\t\t\t<\/div>\n\t\t\t\t\t<\/div>\n\t\t\t\t<\/div>\n\t\t<div data-particle_enable=\"false\" data-particle-mobile-disabled=\"false\" class=\"elementor-element elementor-element-9f29cfd e-flex e-con-boxed e-con e-parent\" data-id=\"9f29cfd\" data-element_type=\"container\" data-e-type=\"container\">\n\t\t\t\t\t<div class=\"e-con-inner\">\n\t\t\t\t<div class=\"elementor-element elementor-element-bf2137a elementor-widget elementor-widget-image-gallery\" data-id=\"bf2137a\" data-element_type=\"widget\" data-e-type=\"widget\" data-widget_type=\"image-gallery.default\">\n\t\t\t\t\t\t\t<div class=\"elementor-image-gallery\">\n\t\t\t<div id='gallery-1' class='gallery galleryid-17062 gallery-columns-1 gallery-size-medium'><figure class='gallery-item'>\n\t\t\t<div class='gallery-icon landscape'>\n\t\t\t\t<a data-elementor-open-lightbox=\"yes\" data-elementor-lightbox-slideshow=\"bf2137a\" data-e-action-hash=\"#elementor-action%3Aaction%3Dlightbox%26settings%3DeyJpZCI6MTc5MzYsInVybCI6Imh0dHBzOlwvXC9yaWFjLmx2XC93cC1jb250ZW50XC91cGxvYWRzXC8yMDIzXC8wNVwvQkVZT05ELUJPUkRFUlMuanBnIiwic2xpZGVzaG93IjoiYmYyMTM3YSJ9\" href='https:\/\/riac.lv\/wp-content\/uploads\/2023\/05\/BEYOND-BORDERS.jpg'><img fetchpriority=\"high\" decoding=\"async\" width=\"300\" height=\"300\" src=\"https:\/\/riac.lv\/wp-content\/uploads\/2023\/05\/BEYOND-BORDERS-300x300.jpg\" class=\"attachment-medium size-medium\" alt=\"\" srcset=\"https:\/\/riac.lv\/wp-content\/uploads\/2023\/05\/BEYOND-BORDERS-300x300.jpg 300w, https:\/\/riac.lv\/wp-content\/uploads\/2023\/05\/BEYOND-BORDERS-150x150.jpg 150w, https:\/\/riac.lv\/wp-content\/uploads\/2023\/05\/BEYOND-BORDERS.jpg 500w\" sizes=\"(max-width: 300px) 100vw, 300px\" \/><\/a>\n\t\t\t<\/div><\/figure>\n\t\t<\/div>\n\t\t<\/div>\n\t\t\t\t\t\t<\/div>\n\t\t\t\t\t<\/div>\n\t\t\t\t<\/div>\n\t\t<div data-particle_enable=\"false\" data-particle-mobile-disabled=\"false\" class=\"elementor-element elementor-element-547cd92 e-flex e-con-boxed e-con e-parent\" data-id=\"547cd92\" data-element_type=\"container\" data-e-type=\"container\">\n\t\t\t\t\t<div class=\"e-con-inner\">\n\t\t\t\t<div class=\"elementor-element elementor-element-5ed8576 elementor-widget elementor-widget-image-gallery\" data-id=\"5ed8576\" data-element_type=\"widget\" data-e-type=\"widget\" data-widget_type=\"image-gallery.default\">\n\t\t\t\t\t\t\t<div class=\"elementor-image-gallery\">\n\t\t\t<div id='gallery-2' class='gallery galleryid-17062 gallery-columns-1 gallery-size-large'><figure class='gallery-item'>\n\t\t\t<div class='gallery-icon landscape'>\n\t\t\t\t<a data-elementor-open-lightbox=\"yes\" data-elementor-lightbox-slideshow=\"5ed8576\" data-e-action-hash=\"#elementor-action%3Aaction%3Dlightbox%26settings%3DeyJpZCI6MTc1MTgsInVybCI6Imh0dHBzOlwvXC9yaWFjLmx2XC93cC1jb250ZW50XC91cGxvYWRzXC8yMDIzXC8wNFwvQmV5b25kLUJvcmRlcnMtVG93YXJkcy1JbmNsdXNpb24tMS5qcGciLCJzbGlkZXNob3ciOiI1ZWQ4NTc2In0%3D\" href='https:\/\/riac.lv\/wp-content\/uploads\/2023\/04\/Beyond-Borders-Towards-Inclusion-1.jpg'><img decoding=\"async\" width=\"843\" height=\"474\" src=\"https:\/\/riac.lv\/wp-content\/uploads\/2023\/04\/Beyond-Borders-Towards-Inclusion-1-1024x576.jpg\" class=\"attachment-large size-large\" alt=\"\" srcset=\"https:\/\/riac.lv\/wp-content\/uploads\/2023\/04\/Beyond-Borders-Towards-Inclusion-1-1024x576.jpg 1024w, https:\/\/riac.lv\/wp-content\/uploads\/2023\/04\/Beyond-Borders-Towards-Inclusion-1-300x169.jpg 300w, https:\/\/riac.lv\/wp-content\/uploads\/2023\/04\/Beyond-Borders-Towards-Inclusion-1-768x432.jpg 768w, https:\/\/riac.lv\/wp-content\/uploads\/2023\/04\/Beyond-Borders-Towards-Inclusion-1-1536x864.jpg 1536w, https:\/\/riac.lv\/wp-content\/uploads\/2023\/04\/Beyond-Borders-Towards-Inclusion-1.jpg 1920w\" sizes=\"(max-width: 843px) 100vw, 843px\" \/><\/a>\n\t\t\t<\/div><\/figure>\n\t\t<\/div>\n\t\t<\/div>\n\t\t\t\t\t\t<\/div>\n\t\t\t\t\t<\/div>\n\t\t\t\t<\/div>\n\t\t\t\t<\/div>\n\t\t","protected":false},"excerpt":{"rendered":"<p>Atpaka\u013c uz s\u0101kumu Skat\u012bt projekta aktivit\u0101tes<\/p>\n","protected":false},"author":1,"featured_media":0,"parent":0,"menu_order":0,"comment_status":"closed","ping_status":"closed","template":"","meta":{"footnotes":""},"class_list":["post-17062","page","type-page","status-publish","hentry"],"_links":{"self":[{"href":"https:\/\/riac.lv\/index.php?rest_route=\/wp\/v2\/pages\/17062","targetHints":{"allow":["GET"]}}],"collection":[{"href":"https:\/\/riac.lv\/index.php?rest_route=\/wp\/v2\/pages"}],"about":[{"href":"https:\/\/riac.lv\/index.php?rest_route=\/wp\/v2\/types\/page"}],"author":[{"embeddable":true,"href":"https:\/\/riac.lv\/index.php?rest_route=\/wp\/v2\/users\/1"}],"replies":[{"embeddable":true,"href":"https:\/\/riac.lv\/index.php?rest_route=%2Fwp%2Fv2%2Fcomments&post=17062"}],"version-history":[{"count":22,"href":"https:\/\/riac.lv\/index.php?rest_route=\/wp\/v2\/pages\/17062\/revisions"}],"predecessor-version":[{"id":28365,"href":"https:\/\/riac.lv\/index.php?rest_route=\/wp\/v2\/pages\/17062\/revisions\/28365"}],"wp:attachment":[{"href":"https:\/\/riac.lv\/index.php?rest_route=%2Fwp%2Fv2%2Fmedia&parent=17062"}],"curies":[{"name":"wp","href":"https:\/\/api.w.org\/{rel}","templated":true}]}}