{"id":28372,"date":"2025-12-02T14:43:00","date_gmt":"2025-12-02T12:43:00","guid":{"rendered":"https:\/\/riac.lv\/?page_id=28372"},"modified":"2026-03-11T16:22:02","modified_gmt":"2026-03-11T14:22:02","slug":"po","status":"publish","type":"page","link":"https:\/\/riac.lv\/?page_id=28372","title":{"rendered":"Projekta &#8220;Papla\u0161in\u0101t\u0101 realit\u0101te skol\u0113nu ar speci\u0101l\u0101m izgl\u012bt\u012bbas vajadz\u012bb\u0101m m\u0101c\u012bbu proces\u0101&#8221; aktivit\u0101tes"},"content":{"rendered":"\t\t<div data-elementor-type=\"wp-page\" data-elementor-id=\"28372\" class=\"elementor elementor-28372\">\n\t\t\t\t<div data-particle_enable=\"false\" data-particle-mobile-disabled=\"false\" class=\"elementor-element elementor-element-962e57c e-flex e-con-boxed e-con e-parent\" data-id=\"962e57c\" data-element_type=\"container\" data-e-type=\"container\">\n\t\t\t\t\t<div class=\"e-con-inner\">\n\t\t\t\t<div class=\"elementor-element elementor-element-7d7d494 elementor-widget elementor-widget-text-editor\" data-id=\"7d7d494\" data-element_type=\"widget\" data-e-type=\"widget\" data-widget_type=\"text-editor.default\">\n\t\t\t\t\t\t\t\t\t<div class=\"xdj266r x14z9mp xat24cr x1lziwak x1vvkbs x126k92a\"><div dir=\"auto\"><span class=\"html-span xexx8yu xyri2b x18d9i69 x1c1uobl x1hl2dhg x16tdsg8 x1vvkbs x3nfvp2 x1j61x8r x1fcty0u xdj266r xat24cr xm2jcoa x1mpyi22 xxymvpz xlup9mm x1kky2od\"><img decoding=\"async\" class=\"xz74otr x15mokao x1ga7v0g x16uus16 xbiv7yw\" src=\"https:\/\/static.xx.fbcdn.net\/images\/emoji.php\/v9\/tb0\/1\/16\/1f3af.png\" alt=\"\ud83c\udfaf\" width=\"16\" height=\"16\" \/><\/span> <span style=\"color: #000000;\">ART+SEN: Projekta komandas tiekas R\u0113zekn\u0113 uzs\u0101kot sadarb\u012bbu!<\/span><\/div><\/div><div class=\"x14z9mp xat24cr x1lziwak x1vvkbs xtlvy1s x126k92a\"><div dir=\"auto\"><span style=\"color: #000000;\">Erasmus+ projekts \u201cAugmented Reality for Teaching Students with Special Education Needs\u201d (projekta Nr. 2025-1-LV01-KA220-SCH-000361538) ir ofici\u0101li s\u0101cies! <span class=\"html-span xexx8yu xyri2b x18d9i69 x1c1uobl x1hl2dhg x16tdsg8 x1vvkbs x3nfvp2 x1j61x8r x1fcty0u xdj266r xat24cr xm2jcoa x1mpyi22 xxymvpz xlup9mm x1kky2od\"><img decoding=\"async\" class=\"xz74otr x15mokao x1ga7v0g x16uus16 xbiv7yw\" src=\"https:\/\/static.xx.fbcdn.net\/images\/emoji.php\/v9\/t8c\/1\/16\/1f389.png\" alt=\"\ud83c\udf89\" width=\"16\" height=\"16\" \/><\/span><\/span><\/div><div dir=\"auto\">\u00a0<\/div><\/div><div class=\"x14z9mp xat24cr x1lziwak x1vvkbs xtlvy1s x126k92a\"><div dir=\"auto\"><span style=\"color: #000000;\">No 28. l\u012bdz 29. oktobrim norisin\u0101j\u0101s projekta s\u0101kuma san\u0101ksme (Kick-off meeting), pulc\u0113jot partnerorganiz\u0101ciju p\u0101rst\u0101vjus no Latvijas, Lietuvas, Polijas un Turcijas. San\u0101ksme iez\u012bm\u0113ja kop\u012bg\u0101 darba s\u0101kumu, lai ar digit\u0101liem un inovat\u012bviem risin\u0101jumiem veicin\u0101tu iek\u013caujo\u0161u izgl\u012bt\u012bbu skol\u0113niem ar speci\u0101l\u0101m vajadz\u012bb\u0101m.<\/span><\/div><div dir=\"auto\">\u00a0<\/div><\/div><div class=\"x14z9mp xat24cr x1lziwak x1vvkbs xtlvy1s x126k92a\"><div dir=\"auto\"><span style=\"color: #000000;\"><span class=\"html-span xexx8yu xyri2b x18d9i69 x1c1uobl x1hl2dhg x16tdsg8 x1vvkbs x3nfvp2 x1j61x8r x1fcty0u xdj266r xat24cr xm2jcoa x1mpyi22 xxymvpz xlup9mm x1kky2od\"><img decoding=\"async\" class=\"xz74otr x15mokao x1ga7v0g x16uus16 xbiv7yw\" src=\"https:\/\/static.xx.fbcdn.net\/images\/emoji.php\/v9\/tac\/1\/16\/1f4cc.png\" alt=\"\ud83d\udccc\" width=\"16\" height=\"16\" \/><\/span> San\u0101ksmes galvenie akcenti:<\/span><\/div><div dir=\"auto\"><span style=\"color: #000000;\">\u2022 Partneri p\u0101rrun\u0101ja projekta m\u0113r\u0137us, strukt\u016bru un aktivit\u0101\u0161u pl\u0101nu, k\u0101 ar\u012b iepaz\u012bstin\u0101ja ar sav\u0101m komand\u0101m;<\/span><\/div><div dir=\"auto\"><span style=\"color: #000000;\">\u2022 Tika apspriesta projekta ievie\u0161anas un laika vad\u012bbas sist\u0113ma, projektu sada\u013cas un partneru atbild\u012bbas jomas;<\/span><\/div><div dir=\"auto\"><span style=\"color: #000000;\">\u2022 Vienoj\u0101s par komunik\u0101cijas un koordin\u0101cijas meh\u0101nismiem, noteikti sadarb\u012bbas kan\u0101li un riska p\u0101rvald\u012bbas principi;<\/span><\/div><div dir=\"auto\"><span style=\"color: #000000;\">\u2022 Apspriesti finan\u0161u un bud\u017eeta p\u0101rvald\u012bbas jaut\u0101jumi, atskai\u0161u sist\u0113ma un kvalit\u0101tes nodro\u0161in\u0101\u0161ana projekta gait\u0101;<\/span><\/div><div dir=\"auto\"><span style=\"color: #000000;\">\u2022 Otraj\u0101 dien\u0101 uzman\u012bba tika piev\u0113rsta 2. projektu sada\u013cai (Teacher\u2019s Guide Book) \u2013 skolot\u0101ju rokasgr\u0101matas izstr\u0101des metodolo\u0123ijai, aktivit\u0101\u0161u pl\u0101nam un piek\u013c\u016bstam\u012bbas pras\u012bb\u0101m;<\/span><\/div><div dir=\"auto\"><span style=\"color: #000000;\">\u2022 Tika atkl\u0101ta ar\u012b 5. projektu sada\u013ca (Dissemination) \u2013 projekta vizu\u0101l\u0101 identit\u0101te, publicit\u0101tes strat\u0113\u0123ija un izplat\u012b\u0161anas aktivit\u0101tes;<\/span><\/div><div dir=\"auto\"><span style=\"color: #000000;\">\u2022 San\u0101ksmes nosl\u0113gum\u0101 tika noteikti n\u0101kamie so\u013ci un termi\u0146i, lai nodro\u0161in\u0101tu sekm\u012bgu projekta ievie\u0161anu.<\/span><\/div><div dir=\"auto\">\u00a0<\/div><\/div><div class=\"x14z9mp xat24cr x1lziwak x1vvkbs xtlvy1s x126k92a\"><div dir=\"auto\"><span style=\"color: #000000;\"><span class=\"html-span xexx8yu xyri2b x18d9i69 x1c1uobl x1hl2dhg x16tdsg8 x1vvkbs x3nfvp2 x1j61x8r x1fcty0u xdj266r xat24cr xm2jcoa x1mpyi22 xxymvpz xlup9mm x1kky2od\"><img loading=\"lazy\" decoding=\"async\" class=\"xz74otr x15mokao x1ga7v0g x16uus16 xbiv7yw\" src=\"https:\/\/static.xx.fbcdn.net\/images\/emoji.php\/v9\/t64\/1\/16\/1f91d.png\" alt=\"\ud83e\udd1d\" width=\"16\" height=\"16\" \/><\/span> \u0160\u012b tik\u0161an\u0101s bija lielisks s\u0101kums m\u016bsu kop\u012bgajam ce\u013cojumam \u2013 stiprinot starptautisku partner\u012bbu, kas apvieno sp\u0113kus, lai veicin\u0101tu skolot\u0101ju digit\u0101l\u0101s prasmes un att\u012bst\u012btu inovat\u012bvus augmentat\u012bv\u0101s realit\u0101tes risin\u0101jumus skol\u0113niem ar speci\u0101l\u0101m vajadz\u012bb\u0101m.<\/span><\/div><\/div>\t\t\t\t\t\t\t\t<\/div>\n\t\t\t\t\t<\/div>\n\t\t\t\t<\/div>\n\t\t<div data-particle_enable=\"false\" data-particle-mobile-disabled=\"false\" class=\"elementor-element elementor-element-24ca949 e-flex e-con-boxed e-con e-parent\" data-id=\"24ca949\" data-element_type=\"container\" data-e-type=\"container\">\n\t\t\t\t\t<div class=\"e-con-inner\">\n\t\t\t\t<div class=\"elementor-element elementor-element-62ebbab gallery-spacing-custom elementor-widget elementor-widget-image-gallery\" data-id=\"62ebbab\" data-element_type=\"widget\" data-e-type=\"widget\" data-widget_type=\"image-gallery.default\">\n\t\t\t\t\t\t\t<div class=\"elementor-image-gallery\">\n\t\t\t<div id='gallery-1' class='gallery galleryid-28372 gallery-columns-3 gallery-size-custum_500x500'><figure class='gallery-item'>\n\t\t\t<div class='gallery-icon landscape'>\n\t\t\t\t<a data-elementor-open-lightbox=\"yes\" data-elementor-lightbox-slideshow=\"62ebbab\" data-e-action-hash=\"#elementor-action%3Aaction%3Dlightbox%26settings%3DeyJpZCI6Mjc4MTQsInVybCI6Imh0dHBzOlwvXC9yaWFjLmx2XC93cC1jb250ZW50XC91cGxvYWRzXC8yMDI1XC8xMVwvSU1HLTIwMjUxMDMwLVdBMDA0NzEtc2NhbGVkLmpwZyIsInNsaWRlc2hvdyI6IjYyZWJiYWIifQ%3D%3D\" href='https:\/\/riac.lv\/wp-content\/uploads\/2025\/11\/IMG-20251030-WA00471-scaled.jpg'><img loading=\"lazy\" decoding=\"async\" width=\"500\" height=\"500\" src=\"https:\/\/riac.lv\/wp-content\/uploads\/2025\/11\/IMG-20251030-WA00471-500x500.jpg\" class=\"attachment-custum_500x500 size-custum_500x500\" alt=\"\" srcset=\"https:\/\/riac.lv\/wp-content\/uploads\/2025\/11\/IMG-20251030-WA00471-500x500.jpg 500w, https:\/\/riac.lv\/wp-content\/uploads\/2025\/11\/IMG-20251030-WA00471-150x150.jpg 150w, https:\/\/riac.lv\/wp-content\/uploads\/2025\/11\/IMG-20251030-WA00471-800x800.jpg 800w\" sizes=\"(max-width: 500px) 100vw, 500px\" \/><\/a>\n\t\t\t<\/div><\/figure><figure class='gallery-item'>\n\t\t\t<div class='gallery-icon landscape'>\n\t\t\t\t<a data-elementor-open-lightbox=\"yes\" data-elementor-lightbox-slideshow=\"62ebbab\" data-e-action-hash=\"#elementor-action%3Aaction%3Dlightbox%26settings%3DeyJpZCI6Mjc4MTYsInVybCI6Imh0dHBzOlwvXC9yaWFjLmx2XC93cC1jb250ZW50XC91cGxvYWRzXC8yMDI1XC8xMVwvV2hhdHNBcHAtSW1hZ2UtMjAyNS0xMC0zMC1hdC0xNS4xMS4xOC5qcGVnIiwic2xpZGVzaG93IjoiNjJlYmJhYiJ9\" href='https:\/\/riac.lv\/wp-content\/uploads\/2025\/11\/WhatsApp-Image-2025-10-30-at-15.11.18.jpeg'><img loading=\"lazy\" decoding=\"async\" width=\"500\" height=\"500\" src=\"https:\/\/riac.lv\/wp-content\/uploads\/2025\/11\/WhatsApp-Image-2025-10-30-at-15.11.18-500x500.jpeg\" class=\"attachment-custum_500x500 size-custum_500x500\" alt=\"\" srcset=\"https:\/\/riac.lv\/wp-content\/uploads\/2025\/11\/WhatsApp-Image-2025-10-30-at-15.11.18-500x500.jpeg 500w, https:\/\/riac.lv\/wp-content\/uploads\/2025\/11\/WhatsApp-Image-2025-10-30-at-15.11.18-150x150.jpeg 150w, https:\/\/riac.lv\/wp-content\/uploads\/2025\/11\/WhatsApp-Image-2025-10-30-at-15.11.18-800x800.jpeg 800w\" sizes=\"(max-width: 500px) 100vw, 500px\" \/><\/a>\n\t\t\t<\/div><\/figure><figure class='gallery-item'>\n\t\t\t<div class='gallery-icon portrait'>\n\t\t\t\t<a data-elementor-open-lightbox=\"yes\" data-elementor-lightbox-slideshow=\"62ebbab\" data-e-action-hash=\"#elementor-action%3Aaction%3Dlightbox%26settings%3DeyJpZCI6Mjc4MTUsInVybCI6Imh0dHBzOlwvXC9yaWFjLmx2XC93cC1jb250ZW50XC91cGxvYWRzXC8yMDI1XC8xMVwvV2hhdHNBcHAtSW1hZ2UtMjAyNS0xMC0zMC1hdC0xNS4wNy4wNS5qcGVnIiwic2xpZGVzaG93IjoiNjJlYmJhYiJ9\" href='https:\/\/riac.lv\/wp-content\/uploads\/2025\/11\/WhatsApp-Image-2025-10-30-at-15.07.05.jpeg'><img loading=\"lazy\" decoding=\"async\" width=\"500\" height=\"500\" src=\"https:\/\/riac.lv\/wp-content\/uploads\/2025\/11\/WhatsApp-Image-2025-10-30-at-15.07.05-500x500.jpeg\" class=\"attachment-custum_500x500 size-custum_500x500\" alt=\"\" srcset=\"https:\/\/riac.lv\/wp-content\/uploads\/2025\/11\/WhatsApp-Image-2025-10-30-at-15.07.05-500x500.jpeg 500w, https:\/\/riac.lv\/wp-content\/uploads\/2025\/11\/WhatsApp-Image-2025-10-30-at-15.07.05-150x150.jpeg 150w, https:\/\/riac.lv\/wp-content\/uploads\/2025\/11\/WhatsApp-Image-2025-10-30-at-15.07.05-800x800.jpeg 800w\" sizes=\"(max-width: 500px) 100vw, 500px\" \/><\/a>\n\t\t\t<\/div><\/figure>\n\t\t<\/div>\n\t\t<\/div>\n\t\t\t\t\t\t<\/div>\n\t\t\t\t\t<\/div>\n\t\t\t\t<\/div>\n\t\t<div data-particle_enable=\"false\" data-particle-mobile-disabled=\"false\" class=\"elementor-element elementor-element-5a96c8a e-flex e-con-boxed e-con e-parent\" data-id=\"5a96c8a\" data-element_type=\"container\" data-e-type=\"container\">\n\t\t\t\t\t<div class=\"e-con-inner\">\n\t\t\t\t<div class=\"elementor-element elementor-element-c339b3b elementor-widget elementor-widget-spacer\" data-id=\"c339b3b\" data-element_type=\"widget\" data-e-type=\"widget\" data-widget_type=\"spacer.default\">\n\t\t\t\t\t\t\t<div class=\"elementor-spacer\">\n\t\t\t<div class=\"elementor-spacer-inner\"><\/div>\n\t\t<\/div>\n\t\t\t\t\t\t<\/div>\n\t\t\t\t\t<\/div>\n\t\t\t\t<\/div>\n\t\t<div data-particle_enable=\"false\" data-particle-mobile-disabled=\"false\" class=\"elementor-element elementor-element-b500084 e-flex e-con-boxed e-con e-parent\" data-id=\"b500084\" data-element_type=\"container\" data-e-type=\"container\">\n\t\t\t\t\t<div class=\"e-con-inner\">\n\t\t\t\t<div class=\"elementor-element elementor-element-fff3e85 elementor-widget elementor-widget-text-editor\" data-id=\"fff3e85\" data-element_type=\"widget\" data-e-type=\"widget\" data-widget_type=\"text-editor.default\">\n\t\t\t\t\t\t\t\t\t<p><span style=\"color: #000000;\">M\u016bsu Erasmus+ projekts veido n\u0101kotni iek\u013caujo\u0161\u0101kai izgl\u012bt\u012bbai! <span class=\"x1xsqp64 xiy17q3 x1o6pynw x19co3pv xdj266r xjn30re xat24cr x1hb08if x2b8uid\" data-testid=\"emoji\"><span class=\"xexx8yu xcaqkgz x18d9i69 xbwkkl7 x3jgonx x1bhl96m\">\ud83c\udf1f<\/span><\/span><\/span><\/p><p><span style=\"color: #000000;\">R\u0113zeknes pamatskolas &#8211; att\u012bst\u012bbas centra Erasmus+ projekta komanda \u0161obr\u012bd intens\u012bvi str\u0101d\u0101 pie \u012bpa\u0161as Skolot\u0101ju rokasgr\u0101matas izstr\u0101des!<\/span><\/p><p><span style=\"color: #000000;\">Projekta &#8220;Augmented Reality for teaching students with special education needs&#8221; ietvaros m\u0113s veidojam visaptvero\u0161u un pieejamu resursu pedagogiem, kuri str\u0101d\u0101 ar audz\u0113k\u0146iem ar \u012bpa\u0161\u0101m izgl\u012bt\u012bbas vajadz\u012bb\u0101m (SEN).<\/span><\/p><p><span style=\"color: #000000;\">Kur esam \u0161obr\u012bd?<\/span><br \/><span style=\"color: #000000;\"><span class=\"x1xsqp64 xiy17q3 x1o6pynw x19co3pv xdj266r xjn30re xat24cr x1hb08if x2b8uid\" data-testid=\"emoji\"><span class=\"xexx8yu xcaqkgz x18d9i69 xbwkkl7 x3jgonx x1bhl96m\">\u270d\ufe0f<\/span><\/span> L\u012bdz febru\u0101ra beig\u0101m katras partnervalsts komanda akt\u012bvi raksta savas rokasgr\u0101matas noda\u013cas digit\u0101laj\u0101 form\u0101t\u0101 (PDF, eBook).<\/span><\/p><p><span style=\"color: #000000;\">M\u0113s intens\u012bvi str\u0101d\u0101jam pie m\u016bsu noda\u013c\u0101m!<\/span><br \/><span style=\"color: #000000;\"><span class=\"x1xsqp64 xiy17q3 x1o6pynw x19co3pv xdj266r xjn30re xat24cr x1hb08if x2b8uid\" data-testid=\"emoji\"><span class=\"xexx8yu xcaqkgz x18d9i69 xbwkkl7 x3jgonx x1bhl96m\">\ud83c\udfac<\/span><\/span>V\u0113l\u0101k rokasgr\u0101mata b\u016bs pieejama ar\u012b audiovizu\u0101l\u0101 form\u0101t\u0101 ar subtitriem vis\u0101s projekta valod\u0101s (ang\u013cu, latvie\u0161u, lietuvie\u0161u, po\u013cu, turku)<\/span><\/p><p><span style=\"color: #000000;\">Ko pied\u0101v\u0101s \u0161\u012b rokasgr\u0101mata?<\/span><br \/><span style=\"color: #000000;\"><span class=\"x1xsqp64 xiy17q3 x1o6pynw x19co3pv xdj266r xjn30re xat24cr x1hb08if x2b8uid\" data-testid=\"emoji\"><span class=\"xexx8yu xcaqkgz x18d9i69 xbwkkl7 x3jgonx x1bhl96m\">\ud83d\udcd5<\/span><\/span>Teor\u0113tiskas zin\u0101\u0161anas par m\u0101c\u012b\u0161an\u0101s un att\u012bst\u012bbas trauc\u0113jumiem \u2013 disleksiju, diskalkuliju, disgr\u0101fiju, autismu, intelektu\u0101lajiem trauc\u0113jumiem.<\/span><br \/><span style=\"color: #000000;\"><span class=\"x1xsqp64 xiy17q3 x1o6pynw x19co3pv xdj266r xjn30re xat24cr x1hb08if x2b8uid\" data-testid=\"emoji\"><span class=\"xexx8yu xcaqkgz x18d9i69 xbwkkl7 x3jgonx x1bhl96m\">\ud83c\udfaf<\/span><\/span>Dzi\u013c\u0101ku izpratni par SEN audz\u0113k\u0146u profiliem, vi\u0146u stipraj\u0101m pus\u0113m un izaicin\u0101jumiem.<\/span><br \/><span style=\"color: #000000;\"><span class=\"x1xsqp64 xiy17q3 x1o6pynw x19co3pv xdj266r xjn30re xat24cr x1hb08if x2b8uid\" data-testid=\"emoji\"><span class=\"xexx8yu xcaqkgz x18d9i69 xbwkkl7 x3jgonx x1bhl96m\">\ud83d\udd0d<\/span><\/span>Inovat\u012bvu pieeju \u2013 papildin\u0101t\u0101s realit\u0101tes (AR) tehnolo\u0123iju k\u0101 pedago\u0123isku un iek\u013caujo\u0161u m\u0101c\u012bbu l\u012bdzekli.<\/span><br \/><span style=\"color: #000000;\"><span class=\"x1xsqp64 xiy17q3 x1o6pynw x19co3pv xdj266r xjn30re xat24cr x1hb08if x2b8uid\" data-testid=\"emoji\"><span class=\"xexx8yu xcaqkgz x18d9i69 xbwkkl7 x3jgonx x1bhl96m\">\ud83d\udca1<\/span><\/span>Praktiskas strat\u0113\u0123ijas un piem\u0113rus skolot\u0101ju profesion\u0101lajai izaugsmei.<\/span><br \/><span style=\"color: #000000;\"><span class=\"x1xsqp64 xiy17q3 x1o6pynw x19co3pv xdj266r xjn30re xat24cr x1hb08if x2b8uid\" data-testid=\"emoji\"><span class=\"xexx8yu xcaqkgz x18d9i69 xbwkkl7 x3jgonx x1bhl96m\">\ud83c\udf0d<\/span><\/span>Pieejam\u012bbu vair\u0101kos form\u0101tos un valod\u0101s.<\/span><\/p><p><span style=\"color: #000000;\">M\u016bsu m\u0113r\u0137is ir dot skolot\u0101jiem efekt\u012bvus r\u012bkus, lai katrs audz\u0113knis sa\u0146emtu atbalstu, kas vi\u0146am nepiecie\u0161ams!<\/span><\/p>\t\t\t\t\t\t\t\t<\/div>\n\t\t\t\t\t<\/div>\n\t\t\t\t<\/div>\n\t\t<div data-particle_enable=\"false\" data-particle-mobile-disabled=\"false\" class=\"elementor-element elementor-element-3a3b0bc e-flex e-con-boxed e-con e-parent\" data-id=\"3a3b0bc\" data-element_type=\"container\" data-e-type=\"container\">\n\t\t\t\t\t<div class=\"e-con-inner\">\n\t\t\t\t<div class=\"elementor-element elementor-element-c565239 gallery-spacing-custom elementor-widget elementor-widget-image-gallery\" data-id=\"c565239\" data-element_type=\"widget\" data-e-type=\"widget\" data-widget_type=\"image-gallery.default\">\n\t\t\t\t\t\t\t<div class=\"elementor-image-gallery\">\n\t\t\t<div id='gallery-2' class='gallery galleryid-28372 gallery-columns-2 gallery-size-custum_500x500'><figure class='gallery-item'>\n\t\t\t<div class='gallery-icon landscape'>\n\t\t\t\t<a data-elementor-open-lightbox=\"yes\" data-elementor-lightbox-slideshow=\"c565239\" data-e-action-hash=\"#elementor-action%3Aaction%3Dlightbox%26settings%3DeyJpZCI6MjkxOTUsInVybCI6Imh0dHBzOlwvXC9yaWFjLmx2XC93cC1jb250ZW50XC91cGxvYWRzXC8yMDI2XC8wMVwvNC5wbmciLCJzbGlkZXNob3ciOiJjNTY1MjM5In0%3D\" href='https:\/\/riac.lv\/wp-content\/uploads\/2026\/01\/4.png'><img loading=\"lazy\" decoding=\"async\" width=\"500\" height=\"500\" src=\"https:\/\/riac.lv\/wp-content\/uploads\/2026\/01\/4-500x500.png\" class=\"attachment-custum_500x500 size-custum_500x500\" alt=\"\" srcset=\"https:\/\/riac.lv\/wp-content\/uploads\/2026\/01\/4-500x500.png 500w, https:\/\/riac.lv\/wp-content\/uploads\/2026\/01\/4-150x150.png 150w\" sizes=\"(max-width: 500px) 100vw, 500px\" \/><\/a>\n\t\t\t<\/div><\/figure><figure class='gallery-item'>\n\t\t\t<div class='gallery-icon landscape'>\n\t\t\t\t<a data-elementor-open-lightbox=\"yes\" data-elementor-lightbox-slideshow=\"c565239\" data-e-action-hash=\"#elementor-action%3Aaction%3Dlightbox%26settings%3DeyJpZCI6MjkxOTYsInVybCI6Imh0dHBzOlwvXC9yaWFjLmx2XC93cC1jb250ZW50XC91cGxvYWRzXC8yMDI2XC8wMVwvNS0xLnBuZyIsInNsaWRlc2hvdyI6ImM1NjUyMzkifQ%3D%3D\" href='https:\/\/riac.lv\/wp-content\/uploads\/2026\/01\/5-1.png'><img loading=\"lazy\" decoding=\"async\" width=\"500\" height=\"500\" src=\"https:\/\/riac.lv\/wp-content\/uploads\/2026\/01\/5-1-500x500.png\" class=\"attachment-custum_500x500 size-custum_500x500\" alt=\"\" srcset=\"https:\/\/riac.lv\/wp-content\/uploads\/2026\/01\/5-1-500x500.png 500w, https:\/\/riac.lv\/wp-content\/uploads\/2026\/01\/5-1-150x150.png 150w\" sizes=\"(max-width: 500px) 100vw, 500px\" \/><\/a>\n\t\t\t<\/div><\/figure>\n\t\t<\/div>\n\t\t<\/div>\n\t\t\t\t\t\t<\/div>\n\t\t\t\t\t<\/div>\n\t\t\t\t<\/div>\n\t\t<div data-particle_enable=\"false\" data-particle-mobile-disabled=\"false\" class=\"elementor-element elementor-element-72213f4 e-flex e-con-boxed e-con e-parent\" data-id=\"72213f4\" data-element_type=\"container\" data-e-type=\"container\">\n\t\t\t\t\t<div class=\"e-con-inner\">\n\t\t\t\t<div class=\"elementor-element elementor-element-5b05b3e elementor-widget elementor-widget-spacer\" data-id=\"5b05b3e\" data-element_type=\"widget\" data-e-type=\"widget\" data-widget_type=\"spacer.default\">\n\t\t\t\t\t\t\t<div class=\"elementor-spacer\">\n\t\t\t<div class=\"elementor-spacer-inner\"><\/div>\n\t\t<\/div>\n\t\t\t\t\t\t<\/div>\n\t\t\t\t\t<\/div>\n\t\t\t\t<\/div>\n\t\t<div data-particle_enable=\"false\" data-particle-mobile-disabled=\"false\" class=\"elementor-element elementor-element-4d25e52 e-flex e-con-boxed e-con e-parent\" data-id=\"4d25e52\" data-element_type=\"container\" data-e-type=\"container\">\n\t\t\t\t\t<div class=\"e-con-inner\">\n\t\t\t\t<div class=\"elementor-element elementor-element-b09ae89 elementor-widget elementor-widget-text-editor\" data-id=\"b09ae89\" data-element_type=\"widget\" data-e-type=\"widget\" data-widget_type=\"text-editor.default\">\n\t\t\t\t\t\t\t\t\t<p><span style=\"color: #000000;\">\ud83d\udcda Turpin\u0101s darbs pie Erasmus+ projekta <b>&#8220;Augmented Reality for teaching students with special education needs&#8221;<\/b> (projekta nr. <b>2025-1-LV01-KA220-SCH-000361538<\/b>) skolot\u0101ju rokasgr\u0101matas izstr\u0101des!<\/span><\/p><p><span style=\"color: #000000;\">\u0160obr\u012bd ir nosl\u0113dzies rokasgr\u0101matas <b>melnraksta sagatavo\u0161anas posms<\/b> \u2013 katra projekta partnerorganiz\u0101cija ir izstr\u0101d\u0101jusi savas noda\u013cas, kas kop\u0101 veidos vienotu un praktiski izmantojamu materi\u0101lu pedagogiem.<\/span><\/p><p><span style=\"color: #000000;\">N\u0101kamais solis ir <b>saturiska un stilistiska redi\u0123\u0113\u0161ana<\/b>, k\u0101 ar\u012b rokasgr\u0101matas <b>tulko\u0161ana ang\u013cu valod\u0101 un visu partnerorganiz\u0101ciju nacion\u0101laj\u0101s valod\u0101s<\/b>, lai materi\u0101ls b\u016btu pieejams pla\u0161\u0101kai pedagogu auditorijai.<\/span><\/p><p><span style=\"color: #000000;\">Vakar notika k\u0101rt\u0113j\u0101 projekta konsorcija <b>tie\u0161saistes tik\u0161an\u0101s<\/b>, kuras laik\u0101 partneri p\u0101rrun\u0101ja izaicin\u0101jumus, ar kuriem komandas sask\u0101r\u0101s, rakstot savas noda\u013cas. Tik\u0161an\u0101s laik\u0101 vienoj\u0101mies ar\u012b par kop\u012bgu rokasgr\u0101matas stilu, tulko\u0161anas procesa organiz\u0113\u0161anu un turpm\u0101kajiem darba <b>termi\u0146iem<\/b>.<\/span><\/p><p><span style=\"color: #000000;\">Projekta komanda \u0161obr\u012bd <b>\u013coti intens\u012bvi str\u0101d\u0101<\/b>, lai izveidotu saturiski v\u0113rt\u012bgu un praktisku rokasgr\u0101matu skolot\u0101jiem. T\u0101 sniegs pedagogiem papildu zin\u0101\u0161anas, veidos izpratni par <b>papla\u0161in\u0101to realit\u0101ti<\/b> un t\u0101s integr\u0113\u0161anas iesp\u0113j\u0101m m\u0101c\u012bbu proces\u0101, k\u0101 ar\u012b k\u013c\u016bs par noz\u012bm\u012bgu atbalstu pedagogu ikdienas darb\u0101 ar skol\u0113niem ar speci\u0101l\u0101m izgl\u012bt\u012bbas vajadz\u012bb\u0101m.<\/span><\/p><p><span style=\"color: #000000;\">Sekojiet l\u012bdzi projekta jaunumiem! \ud83d\ude80<\/span><\/p>\t\t\t\t\t\t\t\t<\/div>\n\t\t\t\t\t<\/div>\n\t\t\t\t<\/div>\n\t\t<div data-particle_enable=\"false\" data-particle-mobile-disabled=\"false\" class=\"elementor-element elementor-element-9a9a642 e-flex e-con-boxed e-con e-parent\" data-id=\"9a9a642\" data-element_type=\"container\" data-e-type=\"container\">\n\t\t\t\t\t<div class=\"e-con-inner\">\n\t\t\t\t<div class=\"elementor-element elementor-element-77e819c gallery-spacing-custom elementor-widget elementor-widget-image-gallery\" data-id=\"77e819c\" data-element_type=\"widget\" data-e-type=\"widget\" data-widget_type=\"image-gallery.default\">\n\t\t\t\t\t\t\t<div class=\"elementor-image-gallery\">\n\t\t\t<div id='gallery-3' class='gallery galleryid-28372 gallery-columns-3 gallery-size-custum_500x500'><figure class='gallery-item'>\n\t\t\t<div class='gallery-icon landscape'>\n\t\t\t\t<a data-elementor-open-lightbox=\"yes\" data-elementor-lightbox-slideshow=\"77e819c\" data-e-action-hash=\"#elementor-action%3Aaction%3Dlightbox%26settings%3DeyJpZCI6Mjk2MTMsInVybCI6Imh0dHBzOlwvXC9yaWFjLmx2XC93cC1jb250ZW50XC91cGxvYWRzXC8yMDI2XC8wM1wvNC5wbmciLCJzbGlkZXNob3ciOiI3N2U4MTljIn0%3D\" href='https:\/\/riac.lv\/wp-content\/uploads\/2026\/03\/4.png'><img loading=\"lazy\" decoding=\"async\" width=\"500\" height=\"500\" src=\"https:\/\/riac.lv\/wp-content\/uploads\/2026\/03\/4-500x500.png\" class=\"attachment-custum_500x500 size-custum_500x500\" alt=\"\" srcset=\"https:\/\/riac.lv\/wp-content\/uploads\/2026\/03\/4-500x500.png 500w, https:\/\/riac.lv\/wp-content\/uploads\/2026\/03\/4-150x150.png 150w\" sizes=\"(max-width: 500px) 100vw, 500px\" \/><\/a>\n\t\t\t<\/div><\/figure><figure class='gallery-item'>\n\t\t\t<div class='gallery-icon landscape'>\n\t\t\t\t<a data-elementor-open-lightbox=\"yes\" data-elementor-lightbox-slideshow=\"77e819c\" data-e-action-hash=\"#elementor-action%3Aaction%3Dlightbox%26settings%3DeyJpZCI6Mjk2MTQsInVybCI6Imh0dHBzOlwvXC9yaWFjLmx2XC93cC1jb250ZW50XC91cGxvYWRzXC8yMDI2XC8wM1wvNS5wbmciLCJzbGlkZXNob3ciOiI3N2U4MTljIn0%3D\" href='https:\/\/riac.lv\/wp-content\/uploads\/2026\/03\/5.png'><img loading=\"lazy\" decoding=\"async\" width=\"500\" height=\"500\" src=\"https:\/\/riac.lv\/wp-content\/uploads\/2026\/03\/5-500x500.png\" class=\"attachment-custum_500x500 size-custum_500x500\" alt=\"\" srcset=\"https:\/\/riac.lv\/wp-content\/uploads\/2026\/03\/5-500x500.png 500w, https:\/\/riac.lv\/wp-content\/uploads\/2026\/03\/5-150x150.png 150w\" sizes=\"(max-width: 500px) 100vw, 500px\" \/><\/a>\n\t\t\t<\/div><\/figure><figure class='gallery-item'>\n\t\t\t<div class='gallery-icon landscape'>\n\t\t\t\t<a data-elementor-open-lightbox=\"yes\" data-elementor-lightbox-slideshow=\"77e819c\" data-e-action-hash=\"#elementor-action%3Aaction%3Dlightbox%26settings%3DeyJpZCI6Mjk2MTUsInVybCI6Imh0dHBzOlwvXC9yaWFjLmx2XC93cC1jb250ZW50XC91cGxvYWRzXC8yMDI2XC8wM1wvNi5wbmciLCJzbGlkZXNob3ciOiI3N2U4MTljIn0%3D\" href='https:\/\/riac.lv\/wp-content\/uploads\/2026\/03\/6.png'><img loading=\"lazy\" decoding=\"async\" width=\"500\" height=\"500\" src=\"https:\/\/riac.lv\/wp-content\/uploads\/2026\/03\/6-500x500.png\" class=\"attachment-custum_500x500 size-custum_500x500\" alt=\"\" srcset=\"https:\/\/riac.lv\/wp-content\/uploads\/2026\/03\/6-500x500.png 500w, https:\/\/riac.lv\/wp-content\/uploads\/2026\/03\/6-150x150.png 150w\" sizes=\"(max-width: 500px) 100vw, 500px\" \/><\/a>\n\t\t\t<\/div><\/figure>\n\t\t<\/div>\n\t\t<\/div>\n\t\t\t\t\t\t<\/div>\n\t\t\t\t\t<\/div>\n\t\t\t\t<\/div>\n\t\t\t\t<\/div>\n\t\t","protected":false},"excerpt":{"rendered":"<p>ART+SEN: Projekta komandas tiekas R\u0113zekn\u0113 uzs\u0101kot sadarb\u012bbu!Erasmus+ projekts \u201cAugmented Reality for Teaching Students with Special Education Needs\u201d (projekta Nr. 2025-1-LV01-KA220-SCH-000361538) ir ofici\u0101li s\u0101cies! \u00a0No 28.&hellip;<\/p>\n","protected":false},"author":4,"featured_media":0,"parent":0,"menu_order":0,"comment_status":"closed","ping_status":"closed","template":"","meta":{"footnotes":""},"class_list":["post-28372","page","type-page","status-publish","hentry"],"_links":{"self":[{"href":"https:\/\/riac.lv\/index.php?rest_route=\/wp\/v2\/pages\/28372","targetHints":{"allow":["GET"]}}],"collection":[{"href":"https:\/\/riac.lv\/index.php?rest_route=\/wp\/v2\/pages"}],"about":[{"href":"https:\/\/riac.lv\/index.php?rest_route=\/wp\/v2\/types\/page"}],"author":[{"embeddable":true,"href":"https:\/\/riac.lv\/index.php?rest_route=\/wp\/v2\/users\/4"}],"replies":[{"embeddable":true,"href":"https:\/\/riac.lv\/index.php?rest_route=%2Fwp%2Fv2%2Fcomments&post=28372"}],"version-history":[{"count":20,"href":"https:\/\/riac.lv\/index.php?rest_route=\/wp\/v2\/pages\/28372\/revisions"}],"predecessor-version":[{"id":29643,"href":"https:\/\/riac.lv\/index.php?rest_route=\/wp\/v2\/pages\/28372\/revisions\/29643"}],"wp:attachment":[{"href":"https:\/\/riac.lv\/index.php?rest_route=%2Fwp%2Fv2%2Fmedia&parent=28372"}],"curies":[{"name":"wp","href":"https:\/\/api.w.org\/{rel}","templated":true}]}}