{"id":3947,"date":"2025-08-15T12:37:11","date_gmt":"2025-08-15T09:37:11","guid":{"rendered":"http:\/\/www.riac.lv\/?page_id=3947"},"modified":"2025-09-03T21:12:58","modified_gmt":"2025-09-03T18:12:58","slug":"atskaites-un-analize","status":"publish","type":"page","link":"https:\/\/riac.lv\/?page_id=3947","title":{"rendered":"Pl\u0101ni un atskaites"},"content":{"rendered":"\t\t<div data-elementor-type=\"wp-page\" data-elementor-id=\"3947\" class=\"elementor elementor-3947\">\n\t\t\t\t\t\t<section data-particle_enable=\"false\" data-particle-mobile-disabled=\"false\" class=\"elementor-section elementor-top-section elementor-element elementor-element-73f51451 elementor-section-boxed elementor-section-height-default elementor-section-height-default\" data-id=\"73f51451\" data-element_type=\"section\" data-e-type=\"section\">\n\t\t\t\t\t\t<div class=\"elementor-container elementor-column-gap-default\">\n\t\t\t\t\t<div class=\"elementor-column elementor-col-100 elementor-top-column elementor-element elementor-element-4467a3f3\" data-id=\"4467a3f3\" data-element_type=\"column\" data-e-type=\"column\">\n\t\t\t<div class=\"elementor-widget-wrap elementor-element-populated\">\n\t\t\t\t\t\t<div class=\"elementor-element elementor-element-1ccbebc8 elementor-widget elementor-widget-text-editor\" data-id=\"1ccbebc8\" data-element_type=\"widget\" data-e-type=\"widget\" data-widget_type=\"text-editor.default\">\n\t\t\t\t\t\t\t\t\t<h4 style=\"text-align: center;\"><strong><span style=\"color: #003300;\"><a href=\"http:\/\/riac.lv\/wp-content\/uploads\/2021\/09\/people-planning-concept-entrepreneurship-calendar-schedule-vector-business-meeting-events-organizing-filling-course-160993060-removebg-preview.png\"><br \/><img decoding=\"async\" class=\"aligncenter wp-image-9110\" src=\"http:\/\/riac.lv\/wp-content\/uploads\/2021\/09\/people-planning-concept-entrepreneurship-calendar-schedule-vector-business-meeting-events-organizing-filling-course-160993060-removebg-preview.png\" alt=\"\" width=\"228\" height=\"141\" srcset=\"https:\/\/riac.lv\/wp-content\/uploads\/2021\/09\/people-planning-concept-entrepreneurship-calendar-schedule-vector-business-meeting-events-organizing-filling-course-160993060-removebg-preview.png 635w, https:\/\/riac.lv\/wp-content\/uploads\/2021\/09\/people-planning-concept-entrepreneurship-calendar-schedule-vector-business-meeting-events-organizing-filling-course-160993060-removebg-preview-300x186.png 300w\" sizes=\"(max-width: 228px) 100vw, 228px\" \/><\/a><\/span><\/strong><span style=\"color: #000000;\"><strong>2025.\/2026. m\u0101c\u012bbu gads<\/strong><\/span><\/h4><ul><li><a href=\"http:\/\/riac.lv\/wp-content\/uploads\/2025\/09\/AC-plans_2025_2026.pdf\">RPAC konsultat\u012bv\u0101s un metodisk\u0101s pal\u012bdz\u012bbas snieg\u0161anas pas\u0101kumu pl\u0101ns 2025.\/2026. m\u0101c\u012bbu gadam<\/a><\/li><\/ul><h4 style=\"text-align: center;\"><strong><span style=\"color: #003300;\">2024.\/2025. m\u0101c\u012bbu gads<\/span><\/strong><\/h4><ul><li style=\"text-align: left;\"><a href=\"http:\/\/riac.lv\/wp-content\/uploads\/2024\/09\/AC-plans-24-25.pdf\">RPAC konsultat\u012bv\u0101s un metodisk\u0101s pal\u012bdz\u012bbas snieg\u0161anas pas\u0101kumu pl\u0101ns 2024.\/2025. m\u0101c\u012bbu gadam<\/a><\/li><li><a href=\"http:\/\/riac.lv\/wp-content\/uploads\/2025\/06\/Attistibas-centra-atskaite-24_25.pdf\">RPAC atskaite 2024.\/2025.m.g.<\/a><\/li><\/ul><h4 style=\"text-align: center;\"><strong><span style=\"color: #003300;\">2023.\/2024. m\u0101c\u012bbu gads<\/span><\/strong><\/h4><ul><li style=\"text-align: left;\"><a href=\"http:\/\/riac.lv\/wp-content\/uploads\/2023\/09\/RPAC-konsultativas-un-metodiskas-palidzibas-sniegsanas-pasakumu-plans-2023_2024-macibu-gadam-1.pdf\">RPAC\u00a0 konsultat\u012bv\u0101s un metodisk\u0101s pal\u012bdz\u012bbas snieg\u0161anas pas\u0101kumu pl\u0101ns 2023.\/2024. m\u0101c\u012bbu gadam<\/a><\/li><li><a href=\"http:\/\/riac.lv\/wp-content\/uploads\/2024\/06\/RPAC-atskaite-2023._2024.m.g.-3.pdf\">RPAC atskaite 2023._2024.m.g. <\/a><\/li><\/ul><h4 style=\"text-align: center;\"><strong><span style=\"color: #003300;\">2022.\/2023. m\u0101c\u012bbu gads<\/span><\/strong><\/h4><ul><li><a href=\"http:\/\/riac.lv\/wp-content\/uploads\/2022\/10\/AC-plans-22-23.pdf\" target=\"_blank\" rel=\"noopener\">RPAC\u00a0 konsultat\u012bv\u0101s un metodisk\u0101s pal\u012bdz\u012bbas snieg\u0161anas pas\u0101kumu pl\u0101ns 2022. \/ 2023. m\u0101c\u012bbu gadam<\/a><\/li><li><a href=\"http:\/\/riac.lv\/wp-content\/uploads\/2023\/08\/RPAC-atskaite-2022._2023.m.g.-1-1-1.xlsx\">RPAC atskaite 2022.- 2023.m.g.<\/a><\/li><\/ul><h4 style=\"text-align: center;\"><strong><span style=\"color: #003300;\">2021.\/2022. m\u0101c\u012bbu gads<\/span><\/strong><\/h4><ul><li><a href=\"http:\/\/riac.lv\/wp-content\/uploads\/2021\/11\/Attistibas-Centra-Plans.pdf\" target=\"_blank\" rel=\"noopener\">RPAC\u00a0 konsultat\u012bv\u0101s un metodisk\u0101s pal\u012bdz\u012bbas snieg\u0161anas pas\u0101kumu pl\u0101ns 2021. \/ 2022. m\u0101c\u012bbu gadam<\/a><\/li><li><a href=\"http:\/\/riac.lv\/wp-content\/uploads\/2022\/06\/RPAC-atskaite-2021._2022.m.g..xlsx\" target=\"_blank\" rel=\"noopener\">RPAC atskaite 2021.-2022.m.g.<\/a><\/li><\/ul><h4 style=\"text-align: center;\"><strong><span style=\"color: #003300;\">2020.\/2021. m\u0101c\u012bbu gads\u00a0<\/span><\/strong><\/h4><ul><li><a href=\"http:\/\/riac.lv\/wp-content\/uploads\/2021\/02\/RPAC-konsultativas-un-metodiskas-palidzibas-sniegsanas-pasakumu-plans-2020.-2021.m.g..pdf\" target=\"_blank\" rel=\"noopener\">RPAC konsultat\u012bv\u0101s-un-metodisk\u0101s-pal\u012bdz\u012bbas-snieg\u0161anas-pas\u0101kumu-pl\u0101ns-2020.-2021.m.g.<\/a><\/li><li><a href=\"http:\/\/riac.lv\/wp-content\/uploads\/2021\/09\/RPAC-atskaite-2020._2021..xlsx\" target=\"_blank\" rel=\"noopener\">RPAC atskaite 2020.-2021.<\/a><\/li><\/ul><h4 style=\"text-align: center;\"><strong><span style=\"color: #003300;\">2019.\/2020. m\u0101c\u012bbu gads\u00a0<\/span><\/strong><\/h4><ul><li><a href=\"http:\/\/riac.lv\/wp-content\/uploads\/2021\/02\/Metodiksa-centra-pasakumu-plans-2019.pdf\" target=\"_blank\" rel=\"noopener\">RPAC konsultat\u012bv\u0101s un metodisk\u0101s pal\u012bdz\u012bbas snieg\u0161anas pas\u0101kumu pl\u0101ns 2019. \/ 2020. m\u0101c\u012bbu gadam<\/a><\/li><li><a href=\"http:\/\/riac.lv\/wp-content\/uploads\/2021\/02\/RPAC-atskaite-2019._2020.m.g..pdf\" target=\"_blank\" rel=\"noopener\">RPAC atskaite 2019.-2020.m.g.<\/a><\/li><\/ul><h4 style=\"text-align: center;\"><strong><span style=\"color: #003300;\">2018.\/2019. m\u0101c\u012bbu gads\u00a0<\/span><\/strong><\/h4><ul><li><a href=\"http:\/\/riac.lv\/wp-content\/uploads\/2021\/02\/centra-plans-2018.-2019..pdf\" target=\"_blank\" rel=\"noopener\">RIAC konsultat\u012bv\u0101s un metodisk\u0101s pal\u012bdz\u012bbas snieg\u0161anas pas\u0101kumu pl\u0101ns 2018. \/ 2019. m\u0101c\u012bbu gadam<\/a><\/li><li><a href=\"http:\/\/riac.lv\/wp-content\/uploads\/2021\/02\/Atskaite-IZM-2019..pdf\" target=\"_blank\" rel=\"noopener\">RIAC\u00a0 atskaite 2018.-2019.<\/a><\/li><\/ul><h4 style=\"text-align: center;\"><strong><span style=\"color: #003300;\">2017.\/2018. m\u0101c\u012bbu gads\u00a0<\/span><\/strong><\/h4><ul><li><a href=\"http:\/\/riac.lv\/wp-content\/uploads\/2021\/02\/centra-plans-2017.-2018.pdf\" target=\"_blank\" rel=\"noopener\">RIAC konsultat\u012bv\u0101s un metodisk\u0101s pal\u012bdz\u012bbas snieg\u0161anas pas\u0101kumu pl\u0101ns 2017. \/ 2018. m\u0101c\u012bbu gadam<\/a><\/li><\/ul><h4 style=\"text-align: center;\"><strong><span style=\"color: #003300;\">2016.\/2017. m\u0101c\u012bbu gads\u00a0<\/span><\/strong><\/h4><ul><li><a href=\"http:\/\/riac.lv\/wp-content\/uploads\/2021\/02\/Informativais-parskats-RIAC.pdf\" target=\"_blank\" rel=\"noopener\">RIAC informat\u012bvais p\u0101rskats<\/a><\/li><\/ul><ul><li>Papildin\u0101jumi informat\u012bvaj\u0101m p\u0101rskatam par R\u0113zeknes intern\u0101tpamatskolas \u2013 att\u012bst\u012bbas centra 2016.\/2017.m\u0101c\u012bbu gad\u0101 veiktaj\u0101m darb\u012bb\u0101m un to rezult\u0101tiem. <a href=\"http:\/\/riac.lv\/wp-content\/uploads\/2020\/02\/Papildin\u0101jumi.pdf\" target=\"_blank\" rel=\"noopener\">Papildin\u0101jumi<\/a><\/li><\/ul>\t\t\t\t\t\t\t\t<\/div>\n\t\t\t\t\t<\/div>\n\t\t<\/div>\n\t\t\t\t\t<\/div>\n\t\t<\/section>\n\t\t\t\t<\/div>\n\t\t","protected":false},"excerpt":{"rendered":"<p>2025.\/2026. m\u0101c\u012bbu gads RPAC konsultat\u012bv\u0101s un metodisk\u0101s pal\u012bdz\u012bbas snieg\u0161anas pas\u0101kumu pl\u0101ns 2025.\/2026. m\u0101c\u012bbu gadam 2024.\/2025. m\u0101c\u012bbu gads RPAC konsultat\u012bv\u0101s un metodisk\u0101s pal\u012bdz\u012bbas snieg\u0161anas pas\u0101kumu pl\u0101ns&hellip;<\/p>\n","protected":false},"author":4,"featured_media":0,"parent":0,"menu_order":0,"comment_status":"closed","ping_status":"closed","template":"","meta":{"footnotes":""},"class_list":["post-3947","page","type-page","status-publish","hentry"],"_links":{"self":[{"href":"https:\/\/riac.lv\/index.php?rest_route=\/wp\/v2\/pages\/3947","targetHints":{"allow":["GET"]}}],"collection":[{"href":"https:\/\/riac.lv\/index.php?rest_route=\/wp\/v2\/pages"}],"about":[{"href":"https:\/\/riac.lv\/index.php?rest_route=\/wp\/v2\/types\/page"}],"author":[{"embeddable":true,"href":"https:\/\/riac.lv\/index.php?rest_route=\/wp\/v2\/users\/4"}],"replies":[{"embeddable":true,"href":"https:\/\/riac.lv\/index.php?rest_route=%2Fwp%2Fv2%2Fcomments&post=3947"}],"version-history":[{"count":82,"href":"https:\/\/riac.lv\/index.php?rest_route=\/wp\/v2\/pages\/3947\/revisions"}],"predecessor-version":[{"id":26440,"href":"https:\/\/riac.lv\/index.php?rest_route=\/wp\/v2\/pages\/3947\/revisions\/26440"}],"wp:attachment":[{"href":"https:\/\/riac.lv\/index.php?rest_route=%2Fwp%2Fv2%2Fmedia&parent=3947"}],"curies":[{"name":"wp","href":"https:\/\/api.w.org\/{rel}","templated":true}]}}