{"id":3949,"date":"2018-11-23T07:23:21","date_gmt":"2018-11-23T07:23:21","guid":{"rendered":"http:\/\/www.riac.lv\/?page_id=3949"},"modified":"2025-10-02T20:05:22","modified_gmt":"2025-10-02T17:05:22","slug":"metodisko-materialu-katalogs","status":"publish","type":"page","link":"https:\/\/riac.lv\/?page_id=3949","title":{"rendered":"Metodisko materi\u0101lu kr\u0101tuve"},"content":{"rendered":"\t\t<div data-elementor-type=\"wp-page\" data-elementor-id=\"3949\" class=\"elementor elementor-3949\">\n\t\t\t\t<div data-particle_enable=\"false\" data-particle-mobile-disabled=\"false\" class=\"elementor-element elementor-element-79310f3 e-flex e-con-boxed e-con e-parent\" data-id=\"79310f3\" data-element_type=\"container\" data-e-type=\"container\">\n\t\t\t\t\t<div class=\"e-con-inner\">\n\t\t<div data-particle_enable=\"false\" data-particle-mobile-disabled=\"false\" class=\"elementor-element elementor-element-5279de0 e-con-full e-flex e-con e-child\" data-id=\"5279de0\" data-element_type=\"container\" data-e-type=\"container\">\n\t\t\t\t<div class=\"elementor-element elementor-element-07748c5 elementor-widget elementor-widget-image-gallery\" data-id=\"07748c5\" data-element_type=\"widget\" data-e-type=\"widget\" data-widget_type=\"image-gallery.default\">\n\t\t\t\t\t\t\t<div class=\"elementor-image-gallery\">\n\t\t\t<div id='gallery-1' class='gallery galleryid-3949 gallery-columns-1 gallery-size-large'><figure class='gallery-item'>\n\t\t\t<div class='gallery-icon landscape'>\n\t\t\t\t<a data-elementor-open-lightbox=\"yes\" data-elementor-lightbox-slideshow=\"07748c5\" data-e-action-hash=\"#elementor-action%3Aaction%3Dlightbox%26settings%3DeyJpZCI6MjI2NjQsInVybCI6Imh0dHBzOlwvXC9yaWFjLmx2XC93cC1jb250ZW50XC91cGxvYWRzXC8yMDI0XC8wOVwvdGhfXzFfLXJlbW92ZWJnLXByZXZpZXcucG5nIiwic2xpZGVzaG93IjoiMDc3NDhjNSJ9\" href='https:\/\/riac.lv\/wp-content\/uploads\/2024\/09\/th__1_-removebg-preview.png'><img fetchpriority=\"high\" decoding=\"async\" width=\"500\" height=\"500\" src=\"https:\/\/riac.lv\/wp-content\/uploads\/2024\/09\/th__1_-removebg-preview.png\" class=\"attachment-large size-large\" alt=\"\" srcset=\"https:\/\/riac.lv\/wp-content\/uploads\/2024\/09\/th__1_-removebg-preview.png 500w, https:\/\/riac.lv\/wp-content\/uploads\/2024\/09\/th__1_-removebg-preview-300x300.png 300w, https:\/\/riac.lv\/wp-content\/uploads\/2024\/09\/th__1_-removebg-preview-150x150.png 150w\" sizes=\"(max-width: 500px) 100vw, 500px\" \/><\/a>\n\t\t\t<\/div><\/figure>\n\t\t<\/div>\n\t\t<\/div>\n\t\t\t\t\t\t<\/div>\n\t\t\t\t<\/div>\n\t\t<div data-particle_enable=\"false\" data-particle-mobile-disabled=\"false\" class=\"elementor-element elementor-element-1c0a866 e-con-full e-flex e-con e-child\" data-id=\"1c0a866\" data-element_type=\"container\" data-e-type=\"container\">\n\t\t\t\t<div class=\"elementor-element elementor-element-bbe31eb elementor-widget elementor-widget-text-editor\" data-id=\"bbe31eb\" data-element_type=\"widget\" data-e-type=\"widget\" data-widget_type=\"text-editor.default\">\n\t\t\t\t\t\t\t\t\t<h3 style=\"text-align: center;\"><span style=\"color: #ff6600;\"><b>Vec\u0101kiem un pedagogiem, organiz\u0113jot m\u0101c\u012bbas izgl\u012btojamajiem ar speci\u0101laj\u0101m vajadz\u012bb\u0101m, ir pieejami R\u0113zeknes pamatskolas &#8211; att\u012bst\u012bbas centra metodi\u0137u un pedagogu veidoti un izstr\u0101d\u0101ti\u00a0 metodiskie un atbalsta materi\u0101li.<\/b><\/span><\/h3>\t\t\t\t\t\t\t\t<\/div>\n\t\t\t\t<\/div>\n\t\t\t\t\t<\/div>\n\t\t\t\t<\/div>\n\t\t<div data-particle_enable=\"false\" data-particle-mobile-disabled=\"false\" class=\"elementor-element elementor-element-49dedef e-flex e-con-boxed e-con e-parent\" data-id=\"49dedef\" data-element_type=\"container\" data-e-type=\"container\">\n\t\t\t\t\t<div class=\"e-con-inner\">\n\t\t<div data-particle_enable=\"false\" data-particle-mobile-disabled=\"false\" class=\"elementor-element elementor-element-a591660 e-grid e-con-full e-con e-child\" data-id=\"a591660\" data-element_type=\"container\" data-e-type=\"container\">\n\t\t\t\t<div class=\"elementor-element elementor-element-552d3ee elementor-align-justify elementor-widget elementor-widget-button\" data-id=\"552d3ee\" data-element_type=\"widget\" data-e-type=\"widget\" data-widget_type=\"button.default\">\n\t\t\t\t\t\t\t\t\t\t<a class=\"elementor-button elementor-button-link elementor-size-lg\" href=\"http:\/\/riac.lv\/?page_id=6276\">\n\t\t\t\t\t\t<span class=\"elementor-button-content-wrapper\">\n\t\t\t\t\t\t\t\t\t<span class=\"elementor-button-text\">Pirmsskola<\/span>\n\t\t\t\t\t<\/span>\n\t\t\t\t\t<\/a>\n\t\t\t\t\t\t\t\t<\/div>\n\t\t\t\t<div class=\"elementor-element elementor-element-45a2842 elementor-align-justify elementor-widget elementor-widget-button\" data-id=\"45a2842\" data-element_type=\"widget\" data-e-type=\"widget\" data-widget_type=\"button.default\">\n\t\t\t\t\t\t\t\t\t\t<a class=\"elementor-button elementor-button-link elementor-size-lg\" href=\"http:\/\/riac.lv\/?page_id=5892\">\n\t\t\t\t\t\t<span class=\"elementor-button-content-wrapper\">\n\t\t\t\t\t\t\t\t\t<span class=\"elementor-button-text\">Speci\u0101l\u0101 izgl\u012bt\u012bba<\/span>\n\t\t\t\t\t<\/span>\n\t\t\t\t\t<\/a>\n\t\t\t\t\t\t\t\t<\/div>\n\t\t\t\t<div class=\"elementor-element elementor-element-7a7e017 elementor-align-justify elementor-widget elementor-widget-button\" data-id=\"7a7e017\" data-element_type=\"widget\" data-e-type=\"widget\" data-widget_type=\"button.default\">\n\t\t\t\t\t\t\t\t\t\t<a class=\"elementor-button elementor-button-link elementor-size-lg\" href=\"http:\/\/riac.lv\/?page_id=5894\">\n\t\t\t\t\t\t<span class=\"elementor-button-content-wrapper\">\n\t\t\t\t\t\t\t\t\t<span class=\"elementor-button-text\">M\u0101c\u012bbu materi\u0101li pa jom\u0101m<\/span>\n\t\t\t\t\t<\/span>\n\t\t\t\t\t<\/a>\n\t\t\t\t\t\t\t\t<\/div>\n\t\t\t\t<div class=\"elementor-element elementor-element-45c3e4e elementor-align-justify elementor-widget elementor-widget-button\" data-id=\"45c3e4e\" data-element_type=\"widget\" data-e-type=\"widget\" data-widget_type=\"button.default\">\n\t\t\t\t\t\t\t\t\t\t<a class=\"elementor-button elementor-button-link elementor-size-lg\" href=\"http:\/\/riac.lv\/?page_id=10413\">\n\t\t\t\t\t\t<span class=\"elementor-button-content-wrapper\">\n\t\t\t\t\t\t\t\t\t<span class=\"elementor-button-text\">Par b\u0113rna att\u012bst\u012bbu<\/span>\n\t\t\t\t\t<\/span>\n\t\t\t\t\t<\/a>\n\t\t\t\t\t\t\t\t<\/div>\n\t\t\t\t<div class=\"elementor-element elementor-element-f825c5e elementor-align-justify elementor-widget elementor-widget-button\" data-id=\"f825c5e\" data-element_type=\"widget\" data-e-type=\"widget\" data-widget_type=\"button.default\">\n\t\t\t\t\t\t\t\t\t\t<a class=\"elementor-button elementor-button-link elementor-size-lg\" href=\"http:\/\/riac.lv\/?page_id=6231\">\n\t\t\t\t\t\t<span class=\"elementor-button-content-wrapper\">\n\t\t\t\t\t\t\t\t\t<span class=\"elementor-button-text\">Noder\u012bgas internetvietnes<\/span>\n\t\t\t\t\t<\/span>\n\t\t\t\t\t<\/a>\n\t\t\t\t\t\t\t\t<\/div>\n\t\t\t\t<\/div>\n\t\t\t\t\t<\/div>\n\t\t\t\t<\/div>\n\t\t\t\t<\/div>\n\t\t","protected":false},"excerpt":{"rendered":"<p>Vec\u0101kiem un pedagogiem, organiz\u0113jot m\u0101c\u012bbas izgl\u012btojamajiem ar speci\u0101laj\u0101m vajadz\u012bb\u0101m, ir pieejami R\u0113zeknes pamatskolas &#8211; att\u012bst\u012bbas centra metodi\u0137u un pedagogu veidoti un izstr\u0101d\u0101ti\u00a0 metodiskie un atbalsta&hellip;<\/p>\n","protected":false},"author":1,"featured_media":0,"parent":0,"menu_order":0,"comment_status":"closed","ping_status":"closed","template":"","meta":{"footnotes":""},"class_list":["post-3949","page","type-page","status-publish","hentry"],"_links":{"self":[{"href":"https:\/\/riac.lv\/index.php?rest_route=\/wp\/v2\/pages\/3949","targetHints":{"allow":["GET"]}}],"collection":[{"href":"https:\/\/riac.lv\/index.php?rest_route=\/wp\/v2\/pages"}],"about":[{"href":"https:\/\/riac.lv\/index.php?rest_route=\/wp\/v2\/types\/page"}],"author":[{"embeddable":true,"href":"https:\/\/riac.lv\/index.php?rest_route=\/wp\/v2\/users\/1"}],"replies":[{"embeddable":true,"href":"https:\/\/riac.lv\/index.php?rest_route=%2Fwp%2Fv2%2Fcomments&post=3949"}],"version-history":[{"count":41,"href":"https:\/\/riac.lv\/index.php?rest_route=\/wp\/v2\/pages\/3949\/revisions"}],"predecessor-version":[{"id":27177,"href":"https:\/\/riac.lv\/index.php?rest_route=\/wp\/v2\/pages\/3949\/revisions\/27177"}],"wp:attachment":[{"href":"https:\/\/riac.lv\/index.php?rest_route=%2Fwp%2Fv2%2Fmedia&parent=3949"}],"curies":[{"name":"wp","href":"https:\/\/api.w.org\/{rel}","templated":true}]}}