{"id":6784,"date":"2020-10-07T13:17:32","date_gmt":"2020-10-07T10:17:32","guid":{"rendered":"http:\/\/riac.lv\/?page_id=6784"},"modified":"2022-01-07T11:35:11","modified_gmt":"2022-01-07T09:35:11","slug":"metodiskais-centrs","status":"publish","type":"page","link":"https:\/\/riac.lv\/?page_id=6784","title":{"rendered":"Att\u012bst\u012bbas centrs"},"content":{"rendered":"<p><em>\u00a0<\/em><\/p>\n<h2 style=\"text-align: center;\"><strong><span style=\"color: #003300;\"><em>Esam atbalsts ikvienam \u2013 b\u0113rnam, vec\u0101kam, pedagogam, atbalsta komandas kol\u0113\u0123im.<\/em><\/span><\/strong><\/h2>\n<p><a href=\"http:\/\/riac.lv\/wp-content\/uploads\/2022\/01\/attistibas_centrs_1-removebg-preview.png\"><img fetchpriority=\"high\" decoding=\"async\" class=\"aligncenter size-full wp-image-11116\" src=\"http:\/\/riac.lv\/wp-content\/uploads\/2022\/01\/attistibas_centrs_1-removebg-preview.png\" alt=\"\" width=\"593\" height=\"421\" srcset=\"https:\/\/riac.lv\/wp-content\/uploads\/2022\/01\/attistibas_centrs_1-removebg-preview.png 593w, https:\/\/riac.lv\/wp-content\/uploads\/2022\/01\/attistibas_centrs_1-removebg-preview-300x213.png 300w\" sizes=\"(max-width: 593px) 100vw, 593px\" \/><\/a><\/p>\n<p><em>Skolas pedagogu un speci\u0101listu nep\u0101rtraukta izgl\u012bto\u0161an\u0101s rada iesp\u0113ju m\u0101c\u012bbu procesu organiz\u0113t <strong><span style=\"color: #003300;\">m\u016bsdien\u012bgi<\/span> <\/strong>un\u00a0 izmantot <strong><span style=\"color: #003300;\">inovat\u012bv\u0101s m\u0101c\u012bbu metodes<\/span> <\/strong>un <strong>pa\u0146\u0113mienus<\/strong>. Ar savu <strong><span style=\"color: #003300;\">l<\/span><span style=\"color: #003300;\">ab\u0101s prakses pieredzi<\/span><\/strong> labpr\u0101t dal\u0101mies ar visa Latgales re\u0123iona skolot\u0101jiem, atbalsta komandas speci\u0101listiem un citiem interesentiem.<\/em><\/p>\n","protected":false},"excerpt":{"rendered":"<p>\u00a0 Esam atbalsts ikvienam \u2013 b\u0113rnam, vec\u0101kam, pedagogam, atbalsta komandas kol\u0113\u0123im. Skolas pedagogu un speci\u0101listu nep\u0101rtraukta izgl\u012bto\u0161an\u0101s rada iesp\u0113ju m\u0101c\u012bbu procesu organiz\u0113t m\u016bsdien\u012bgi un\u00a0 izmantot&hellip;<\/p>\n","protected":false},"author":1,"featured_media":0,"parent":0,"menu_order":0,"comment_status":"closed","ping_status":"closed","template":"","meta":{"footnotes":""},"class_list":["post-6784","page","type-page","status-publish","hentry"],"_links":{"self":[{"href":"https:\/\/riac.lv\/index.php?rest_route=\/wp\/v2\/pages\/6784","targetHints":{"allow":["GET"]}}],"collection":[{"href":"https:\/\/riac.lv\/index.php?rest_route=\/wp\/v2\/pages"}],"about":[{"href":"https:\/\/riac.lv\/index.php?rest_route=\/wp\/v2\/types\/page"}],"author":[{"embeddable":true,"href":"https:\/\/riac.lv\/index.php?rest_route=\/wp\/v2\/users\/1"}],"replies":[{"embeddable":true,"href":"https:\/\/riac.lv\/index.php?rest_route=%2Fwp%2Fv2%2Fcomments&post=6784"}],"version-history":[{"count":7,"href":"https:\/\/riac.lv\/index.php?rest_route=\/wp\/v2\/pages\/6784\/revisions"}],"predecessor-version":[{"id":11117,"href":"https:\/\/riac.lv\/index.php?rest_route=\/wp\/v2\/pages\/6784\/revisions\/11117"}],"wp:attachment":[{"href":"https:\/\/riac.lv\/index.php?rest_route=%2Fwp%2Fv2%2Fmedia&parent=6784"}],"curies":[{"name":"wp","href":"https:\/\/api.w.org\/{rel}","templated":true}]}}