{"id":7432,"date":"2025-08-15T13:11:25","date_gmt":"2025-08-15T10:11:25","guid":{"rendered":"http:\/\/riac.lv\/?page_id=7432"},"modified":"2025-08-29T18:50:51","modified_gmt":"2025-08-29T15:50:51","slug":"macibu-darbs","status":"publish","type":"page","link":"https:\/\/riac.lv\/?page_id=7432","title":{"rendered":"Uz\u0146em\u0161ana"},"content":{"rendered":"\t\t<div data-elementor-type=\"wp-page\" data-elementor-id=\"7432\" class=\"elementor elementor-7432\">\n\t\t\t\t\t\t<section data-particle_enable=\"false\" data-particle-mobile-disabled=\"false\" class=\"elementor-section elementor-top-section elementor-element elementor-element-611c5c1f elementor-section-boxed elementor-section-height-default elementor-section-height-default\" data-id=\"611c5c1f\" data-element_type=\"section\" data-e-type=\"section\">\n\t\t\t\t\t\t<div class=\"elementor-container elementor-column-gap-default\">\n\t\t\t\t\t<div class=\"elementor-column elementor-col-100 elementor-top-column elementor-element elementor-element-542e46c0\" data-id=\"542e46c0\" data-element_type=\"column\" data-e-type=\"column\">\n\t\t\t<div class=\"elementor-widget-wrap elementor-element-populated\">\n\t\t\t\t\t\t<div class=\"elementor-element elementor-element-12ef0770 elementor-widget elementor-widget-text-editor\" data-id=\"12ef0770\" data-element_type=\"widget\" data-e-type=\"widget\" data-widget_type=\"text-editor.default\">\n\t\t\t\t\t\t\t\t\t<div class=\"wp-block-image\">\u00a0<\/div><ul><li><h4><a href=\"http:\/\/riac.lv\/wp-content\/uploads\/2025\/08\/Iesniegums-uznemsanai-pirmsskola.pdf\" target=\"_blank\" rel=\"noopener\">Iesniegums uz\u0146em\u0161anai pirmsskol\u0101<\/a><\/h4><\/li><li><h4><a href=\"http:\/\/riac.lv\/wp-content\/uploads\/2020\/11\/Skola2030_buklets_Pirmsskola.pdf\" target=\"_blank\" rel=\"noopener\">Skola2030_buklets_Pirmsskola<\/a><\/h4><\/li><\/ul><p style=\"text-align: left;\">\u00a0<\/p>\t\t\t\t\t\t\t\t<\/div>\n\t\t\t\t\t<\/div>\n\t\t<\/div>\n\t\t\t\t\t<\/div>\n\t\t<\/section>\n\t\t\t\t<\/div>\n\t\t","protected":false},"excerpt":{"rendered":"<p>\u00a0 Iesniegums uz\u0146em\u0161anai pirmsskol\u0101 Skola2030_buklets_Pirmsskola \u00a0<\/p>\n","protected":false},"author":1,"featured_media":0,"parent":0,"menu_order":0,"comment_status":"closed","ping_status":"closed","template":"","meta":{"footnotes":""},"class_list":["post-7432","page","type-page","status-publish","hentry"],"_links":{"self":[{"href":"https:\/\/riac.lv\/index.php?rest_route=\/wp\/v2\/pages\/7432","targetHints":{"allow":["GET"]}}],"collection":[{"href":"https:\/\/riac.lv\/index.php?rest_route=\/wp\/v2\/pages"}],"about":[{"href":"https:\/\/riac.lv\/index.php?rest_route=\/wp\/v2\/types\/page"}],"author":[{"embeddable":true,"href":"https:\/\/riac.lv\/index.php?rest_route=\/wp\/v2\/users\/1"}],"replies":[{"embeddable":true,"href":"https:\/\/riac.lv\/index.php?rest_route=%2Fwp%2Fv2%2Fcomments&post=7432"}],"version-history":[{"count":27,"href":"https:\/\/riac.lv\/index.php?rest_route=\/wp\/v2\/pages\/7432\/revisions"}],"predecessor-version":[{"id":26136,"href":"https:\/\/riac.lv\/index.php?rest_route=\/wp\/v2\/pages\/7432\/revisions\/26136"}],"wp:attachment":[{"href":"https:\/\/riac.lv\/index.php?rest_route=%2Fwp%2Fv2%2Fmedia&parent=7432"}],"curies":[{"name":"wp","href":"https:\/\/api.w.org\/{rel}","templated":true}]}}